{"id":18,"date":"2023-05-19T12:59:35","date_gmt":"2023-05-19T10:59:35","guid":{"rendered":"https:\/\/kreissteinfurt.rotaract.de\/?page_id=18"},"modified":"2024-07-09T09:31:20","modified_gmt":"2024-07-09T07:31:20","slug":"helfen-sozialaktionen","status":"publish","type":"page","link":"https:\/\/kreissteinfurt.rotaract.de\/?page_id=18","title":{"rendered":"Helfen"},"content":{"rendered":"<div class=\"gb-grid-wrapper gb-grid-wrapper-704d0051\">\n<div class=\"gb-grid-column gb-grid-column-c7e52817\"><div class=\"gb-container gb-container-c7e52817\">\n\n<p class=\"has-text-align-center\"><strong>21.09.2024 &#8211; Machertag Emsdetten<\/strong><\/p>\n\n\n\n<p>In diesem Jahr bestreiten wir gemeinsam mit den Rotary Emsdetten den Machertag in Emsdetten. Du hast Lust uns zu unterst\u00fctzen? Sei dabei und meld dich bei uns!<\/p>\n\n<\/div><\/div>\n<\/div>\n\n<div class=\"gb-grid-wrapper gb-grid-wrapper-a2b34de5\">\n<div class=\"gb-grid-column gb-grid-column-d8dd23c8\"><div class=\"gb-container gb-container-d8dd23c8\"><\/div><\/div>\n<\/div>\n\n\n<div class=\"wp-block-media-text has-media-on-the-right is-stacked-on-mobile\"><div class=\"wp-block-media-text__content\">\n<p><strong>Weihnachtsfunkenaktion 2024<\/strong><\/p>\n\n\n\n<p>Am 08.07.2024 konnten wir wieder 10 Kisten f\u00fcr die Weihnachtsfunkenaktion der Fl\u00fcchtlingshilfe Mittelamerika packen.<\/p>\n<\/div><figure class=\"wp-block-media-text__media\"><img decoding=\"async\" width=\"768\" height=\"1024\" src=\"https:\/\/kreissteinfurt.rotaract.de\/wp-content\/uploads\/sites\/395\/2024\/07\/IMG-20240708-WA0005-768x1024.jpg\" alt=\"\" class=\"wp-image-286 size-full\" srcset=\"https:\/\/kreissteinfurt.rotaract.de\/wp-content\/uploads\/sites\/395\/2024\/07\/IMG-20240708-WA0005-768x1024.jpg 768w, https:\/\/kreissteinfurt.rotaract.de\/wp-content\/uploads\/sites\/395\/2024\/07\/IMG-20240708-WA0005-225x300.jpg 225w, https:\/\/kreissteinfurt.rotaract.de\/wp-content\/uploads\/sites\/395\/2024\/07\/IMG-20240708-WA0005-1152x1536.jpg 1152w, https:\/\/kreissteinfurt.rotaract.de\/wp-content\/uploads\/sites\/395\/2024\/07\/IMG-20240708-WA0005.jpg 1200w\" sizes=\"(max-width: 768px) 100vw, 768px\" \/><\/figure><\/div>\n\n\n\n<div class=\"wp-block-media-text is-stacked-on-mobile\"><figure class=\"wp-block-media-text__media\"><img decoding=\"async\" width=\"275\" height=\"270\" src=\"https:\/\/kreissteinfurt.rotaract.de\/wp-content\/uploads\/sites\/395\/2024\/06\/Kidscamp.png\" alt=\"\" class=\"wp-image-203 size-full\"\/><\/figure><div class=\"wp-block-media-text__content\">\n<p><strong>KidsCamp 2024 &#8211; Olymp<\/strong><\/p>\n\n\n\n<p>Vom 29.07.-04.08.2024 sind wir wieder in Haltern am See dabei.<\/p>\n<\/div><\/div>\n\n\n\n<div class=\"wp-block-media-text has-media-on-the-right is-stacked-on-mobile\"><div class=\"wp-block-media-text__content\">\n<p><strong>Aktion zur BuSo auf der DEUKO<\/strong><\/p>\n\n\n\n<p>Zur Sammelaktion f\u00fcr Kinderb\u00fccher konnten wir ganze 31 B\u00fccher beisteuern<\/p>\n<\/div><figure class=\"wp-block-media-text__media\"><img decoding=\"async\" width=\"768\" height=\"1024\" src=\"http:\/\/kreissteinfurt.rotaract.de\/wp-content\/uploads\/sites\/395\/2024\/06\/WhatsApp-Bild-2024-06-25-um-22.20.04_8845e070-768x1024.jpg\" alt=\"\" class=\"wp-image-194 size-full\" srcset=\"https:\/\/kreissteinfurt.rotaract.de\/wp-content\/uploads\/sites\/395\/2024\/06\/WhatsApp-Bild-2024-06-25-um-22.20.04_8845e070-768x1024.jpg 768w, https:\/\/kreissteinfurt.rotaract.de\/wp-content\/uploads\/sites\/395\/2024\/06\/WhatsApp-Bild-2024-06-25-um-22.20.04_8845e070-225x300.jpg 225w, https:\/\/kreissteinfurt.rotaract.de\/wp-content\/uploads\/sites\/395\/2024\/06\/WhatsApp-Bild-2024-06-25-um-22.20.04_8845e070-1152x1536.jpg 1152w, https:\/\/kreissteinfurt.rotaract.de\/wp-content\/uploads\/sites\/395\/2024\/06\/WhatsApp-Bild-2024-06-25-um-22.20.04_8845e070.jpg 1512w\" sizes=\"(max-width: 768px) 100vw, 768px\" \/><\/figure><\/div>\n\n\n\n<div class=\"wp-block-media-text is-stacked-on-mobile\"><figure class=\"wp-block-media-text__media\"><img decoding=\"async\" width=\"181\" height=\"164\" src=\"https:\/\/kreissteinfurt.rotaract.de\/wp-content\/uploads\/sites\/395\/2024\/06\/Bus.png\" alt=\"\" class=\"wp-image-204 size-full\"\/><\/figure><div class=\"wp-block-media-text__content\">\n<p><strong>Bundessozialaktion 23\/24 &#8211; Lust auf Lesen<\/strong><\/p>\n\n\n\n<p>Die BuSo besch\u00e4ftigt sich mit dem Thema der Leseschw\u00e4che von Kindern, nimmt sich aber auch dem Thema des Analphabetismus an. Unter anderem gab es eine Vortragsreihe um mehr Bewusstsein f\u00fcr die Thematik zu schaffen.<\/p>\n<\/div><\/div>\n\n\n\n<div class=\"wp-block-media-text has-media-on-the-right is-stacked-on-mobile\"><div class=\"wp-block-media-text__content\">\n<p><strong>Beitrag zum Adventskalender der Rotary Emsdetten<\/strong> <strong>2023<\/strong><\/p>\n<\/div><figure class=\"wp-block-media-text__media\"><img decoding=\"async\" width=\"653\" height=\"600\" src=\"https:\/\/kreissteinfurt.rotaract.de\/wp-content\/uploads\/sites\/395\/2024\/06\/WhatsApp-Bild-2024-06-25-um-22.48.23_76c13fde.jpg\" alt=\"\" class=\"wp-image-205 size-full\" srcset=\"https:\/\/kreissteinfurt.rotaract.de\/wp-content\/uploads\/sites\/395\/2024\/06\/WhatsApp-Bild-2024-06-25-um-22.48.23_76c13fde.jpg 653w, https:\/\/kreissteinfurt.rotaract.de\/wp-content\/uploads\/sites\/395\/2024\/06\/WhatsApp-Bild-2024-06-25-um-22.48.23_76c13fde-300x276.jpg 300w\" sizes=\"(max-width: 653px) 100vw, 653px\" \/><\/figure><\/div>\n\n\n\n<div class=\"wp-block-media-text is-stacked-on-mobile\"><figure class=\"wp-block-media-text__media\"><img decoding=\"async\" width=\"768\" height=\"1024\" src=\"https:\/\/kreissteinfurt.rotaract.de\/wp-content\/uploads\/sites\/395\/2024\/06\/WhatsApp-Bild-2024-06-25-um-21.54.15_0f866d8f-768x1024.jpg\" alt=\"\" class=\"wp-image-206 size-full\" srcset=\"https:\/\/kreissteinfurt.rotaract.de\/wp-content\/uploads\/sites\/395\/2024\/06\/WhatsApp-Bild-2024-06-25-um-21.54.15_0f866d8f-768x1024.jpg 768w, https:\/\/kreissteinfurt.rotaract.de\/wp-content\/uploads\/sites\/395\/2024\/06\/WhatsApp-Bild-2024-06-25-um-21.54.15_0f866d8f-225x300.jpg 225w, https:\/\/kreissteinfurt.rotaract.de\/wp-content\/uploads\/sites\/395\/2024\/06\/WhatsApp-Bild-2024-06-25-um-21.54.15_0f866d8f-1152x1536.jpg 1152w, https:\/\/kreissteinfurt.rotaract.de\/wp-content\/uploads\/sites\/395\/2024\/06\/WhatsApp-Bild-2024-06-25-um-21.54.15_0f866d8f.jpg 1512w\" sizes=\"(max-width: 768px) 100vw, 768px\" \/><\/figure><div class=\"wp-block-media-text__content\">\n<p><strong>Eisstockschie\u00dfen Rotary Emsdetten 2023<\/strong><\/p>\n\n\n\n<p>Im Anschluss an den Sternschnuppenmarkt in Emsdetten wurde der restliche Gl\u00fchwein beim Eisstockschie\u00dfen genossen und die Spendensumme konnte so nochmals erh\u00f6ht werden. Ein rundum gelungener Abend!<\/p>\n<\/div><\/div>\n\n\n\n<div class=\"wp-block-media-text has-media-on-the-right is-stacked-on-mobile\"><div class=\"wp-block-media-text__content\">\n<p class=\"has-text-align-center\"><strong>Sternschnuppenmarkt Emsdetten 2023<\/strong><\/p>\n\n\n\n<p>Auch in diesem Dezember durften wir wieder die Rotary Emsdetten auf dem Sternschnuppenmarkt unterst\u00fctzen.<\/p>\n<\/div><figure class=\"wp-block-media-text__media\"><img decoding=\"async\" width=\"1024\" height=\"497\" src=\"https:\/\/kreissteinfurt.rotaract.de\/wp-content\/uploads\/sites\/395\/2024\/06\/WhatsApp-Bild-2024-06-25-um-22.50.40_020ae5e6-1024x497.jpg\" alt=\"\" class=\"wp-image-207 size-full\" srcset=\"https:\/\/kreissteinfurt.rotaract.de\/wp-content\/uploads\/sites\/395\/2024\/06\/WhatsApp-Bild-2024-06-25-um-22.50.40_020ae5e6-1024x497.jpg 1024w, https:\/\/kreissteinfurt.rotaract.de\/wp-content\/uploads\/sites\/395\/2024\/06\/WhatsApp-Bild-2024-06-25-um-22.50.40_020ae5e6-300x146.jpg 300w, https:\/\/kreissteinfurt.rotaract.de\/wp-content\/uploads\/sites\/395\/2024\/06\/WhatsApp-Bild-2024-06-25-um-22.50.40_020ae5e6-768x373.jpg 768w, https:\/\/kreissteinfurt.rotaract.de\/wp-content\/uploads\/sites\/395\/2024\/06\/WhatsApp-Bild-2024-06-25-um-22.50.40_020ae5e6-1536x746.jpg 1536w, https:\/\/kreissteinfurt.rotaract.de\/wp-content\/uploads\/sites\/395\/2024\/06\/WhatsApp-Bild-2024-06-25-um-22.50.40_020ae5e6.jpg 1600w\" sizes=\"(max-width: 1024px) 100vw, 1024px\" \/><\/figure><\/div>\n\n\n\n<div class=\"wp-block-media-text is-stacked-on-mobile\"><figure class=\"wp-block-media-text__media\"><img decoding=\"async\" width=\"1024\" height=\"1024\" src=\"https:\/\/kreissteinfurt.rotaract.de\/wp-content\/uploads\/sites\/395\/2024\/06\/Tafel-ST-23-1024x1024.jpg\" alt=\"\" class=\"wp-image-210 size-full\" srcset=\"https:\/\/kreissteinfurt.rotaract.de\/wp-content\/uploads\/sites\/395\/2024\/06\/Tafel-ST-23-1024x1024.jpg 1024w, https:\/\/kreissteinfurt.rotaract.de\/wp-content\/uploads\/sites\/395\/2024\/06\/Tafel-ST-23-300x300.jpg 300w, https:\/\/kreissteinfurt.rotaract.de\/wp-content\/uploads\/sites\/395\/2024\/06\/Tafel-ST-23-150x150.jpg 150w, https:\/\/kreissteinfurt.rotaract.de\/wp-content\/uploads\/sites\/395\/2024\/06\/Tafel-ST-23-768x768.jpg 768w, https:\/\/kreissteinfurt.rotaract.de\/wp-content\/uploads\/sites\/395\/2024\/06\/Tafel-ST-23.jpg 1080w\" sizes=\"(max-width: 1024px) 100vw, 1024px\" \/><\/figure><div class=\"wp-block-media-text__content\">\n<p><strong>Kauf-Eins-Mehr Aktion der Steinfurter Tafel<\/strong><\/p>\n\n\n\n<p>Auch in 2023 haben wir diese Aktion wieder herzlich gerne unterst\u00fctzt. Bis n\u00e4chstes Jahr!<\/p>\n<\/div><\/div>\n\n\n\n<div class=\"wp-block-media-text has-media-on-the-right is-stacked-on-mobile\"><div class=\"wp-block-media-text__content\">\n<p><strong>Weihnachtsfunkenaktion<\/strong> <strong>2023<\/strong><\/p>\n\n\n\n<p>In diesem Jahr haben wir die Weihnachtsfunkenaktion der Fl\u00fcchtlingshilfe Mittelamerika erstmals unterst\u00fctzt. Das Projekt wurde uns vom Rotaract Club M\u00fchlheim Oberhausen weitervermittelt. Wir konnten f\u00fcr 26 Kinder Kisten mit Malutensilien und Spielsachen verpacken.<\/p>\n<\/div><figure class=\"wp-block-media-text__media\"><img decoding=\"async\" width=\"768\" height=\"1024\" src=\"https:\/\/kreissteinfurt.rotaract.de\/wp-content\/uploads\/sites\/395\/2024\/06\/IMG-20230828-WA0046-768x1024.jpg\" alt=\"\" class=\"wp-image-202 size-full\" srcset=\"https:\/\/kreissteinfurt.rotaract.de\/wp-content\/uploads\/sites\/395\/2024\/06\/IMG-20230828-WA0046-768x1024.jpg 768w, https:\/\/kreissteinfurt.rotaract.de\/wp-content\/uploads\/sites\/395\/2024\/06\/IMG-20230828-WA0046-225x300.jpg 225w, https:\/\/kreissteinfurt.rotaract.de\/wp-content\/uploads\/sites\/395\/2024\/06\/IMG-20230828-WA0046-1152x1536.jpg 1152w, https:\/\/kreissteinfurt.rotaract.de\/wp-content\/uploads\/sites\/395\/2024\/06\/IMG-20230828-WA0046.jpg 1512w\" sizes=\"(max-width: 768px) 100vw, 768px\" \/><\/figure><\/div>\n\n\n\n<div class=\"wp-block-media-text is-stacked-on-mobile\"><figure class=\"wp-block-media-text__media\"><img decoding=\"async\" width=\"1024\" height=\"683\" src=\"https:\/\/kreissteinfurt.rotaract.de\/wp-content\/uploads\/sites\/395\/2024\/06\/Hans-1536x1024-1-1024x683.png\" alt=\"\" class=\"wp-image-201 size-full\" srcset=\"https:\/\/kreissteinfurt.rotaract.de\/wp-content\/uploads\/sites\/395\/2024\/06\/Hans-1536x1024-1-1024x683.png 1024w, https:\/\/kreissteinfurt.rotaract.de\/wp-content\/uploads\/sites\/395\/2024\/06\/Hans-1536x1024-1-300x200.png 300w, https:\/\/kreissteinfurt.rotaract.de\/wp-content\/uploads\/sites\/395\/2024\/06\/Hans-1536x1024-1-768x512.png 768w, https:\/\/kreissteinfurt.rotaract.de\/wp-content\/uploads\/sites\/395\/2024\/06\/Hans-1536x1024-1.png 1536w\" sizes=\"(max-width: 1024px) 100vw, 1024px\" \/><\/figure><div class=\"wp-block-media-text__content\">\n<p><strong>KidsCamp 2023<\/strong><\/p>\n\n\n\n<p>In diesem Jahr durften wir zum ersten Mal am KidsCamp teilnehmen. Eine Woche lang hat unsere Pr\u00e4sidentin dort unterst\u00fctzt. Eine wunderbare Erfahrung.<\/p>\n<\/div><\/div>\n\n\n\n<div class=\"wp-block-media-text alignwide has-media-on-the-right is-stacked-on-mobile\"><div class=\"wp-block-media-text__content\">\n<p><strong>Sternschnuppenmarkt Emsdetten 2022<\/strong><\/p>\n\n\n\n<p>Im Dezember durften wir die Rotary Emsdetten beim Gl\u00fchweinausschank unterst\u00fctzen.<\/p>\n<\/div><figure class=\"wp-block-media-text__media\"><img decoding=\"async\" width=\"1024\" height=\"768\" src=\"http:\/\/kreissteinfurt.rotaract.de\/wp-content\/uploads\/sites\/395\/2023\/05\/IMG-20221205-WA0008.jpg\" alt=\"\" class=\"wp-image-70 size-full\" srcset=\"https:\/\/kreissteinfurt.rotaract.de\/wp-content\/uploads\/sites\/395\/2023\/05\/IMG-20221205-WA0008.jpg 1024w, https:\/\/kreissteinfurt.rotaract.de\/wp-content\/uploads\/sites\/395\/2023\/05\/IMG-20221205-WA0008-300x225.jpg 300w, https:\/\/kreissteinfurt.rotaract.de\/wp-content\/uploads\/sites\/395\/2023\/05\/IMG-20221205-WA0008-768x576.jpg 768w\" sizes=\"(max-width: 1024px) 100vw, 1024px\" \/><\/figure><\/div>\n\n\n\n<div class=\"wp-block-media-text alignwide is-stacked-on-mobile\"><figure class=\"wp-block-media-text__media\"><img decoding=\"async\" width=\"1024\" height=\"768\" src=\"http:\/\/kreissteinfurt.rotaract.de\/wp-content\/uploads\/sites\/395\/2023\/05\/IMG-20221023-WA0003-1024x768.jpg\" alt=\"\" class=\"wp-image-68 size-full\" srcset=\"https:\/\/kreissteinfurt.rotaract.de\/wp-content\/uploads\/sites\/395\/2023\/05\/IMG-20221023-WA0003-1024x768.jpg 1024w, https:\/\/kreissteinfurt.rotaract.de\/wp-content\/uploads\/sites\/395\/2023\/05\/IMG-20221023-WA0003-300x225.jpg 300w, https:\/\/kreissteinfurt.rotaract.de\/wp-content\/uploads\/sites\/395\/2023\/05\/IMG-20221023-WA0003-768x576.jpg 768w, https:\/\/kreissteinfurt.rotaract.de\/wp-content\/uploads\/sites\/395\/2023\/05\/IMG-20221023-WA0003-1536x1152.jpg 1536w, https:\/\/kreissteinfurt.rotaract.de\/wp-content\/uploads\/sites\/395\/2023\/05\/IMG-20221023-WA0003.jpg 2000w\" sizes=\"(max-width: 1024px) 100vw, 1024px\" \/><\/figure><div class=\"wp-block-media-text__content\">\n<p><strong>Kauf-Eins-Mehr Aktion der Tafel<\/strong><\/p>\n\n\n\n<p>Im Oktober durften wir der Tafel flei\u00dfig zur Hand gehen und viele Lebensmittel und Hygieneartikel spenden sammeln und sortieren.<\/p>\n<\/div><\/div>\n","protected":false},"excerpt":{"rendered":"<p>Weihnachtsfunkenaktion 2024 Am 08.07.2024 konnten wir wieder 10 Kisten f\u00fcr die Weihnachtsfunkenaktion der Fl\u00fcchtlingshilfe Mittelamerika packen. KidsCamp 2024 &#8211; Olymp Vom 29.07.-04.08.2024 sind wir wieder in Haltern am See dabei. Aktion zur BuSo auf der DEUKO Zur Sammelaktion f\u00fcr Kinderb\u00fccher konnten wir ganze 31 B\u00fccher beisteuern Bundessozialaktion 23\/24 &#8211; Lust auf Lesen Die BuSo besch\u00e4ftigt &#8230; <a title=\"Helfen\" class=\"read-more\" href=\"https:\/\/kreissteinfurt.rotaract.de\/?page_id=18\" aria-label=\"Mehr Informationen \u00fcber Helfen\">Weiterlesen<\/a><\/p>\n","protected":false},"author":392,"featured_media":0,"parent":0,"menu_order":3,"comment_status":"closed","ping_status":"closed","template":"","meta":{"footnotes":""},"class_list":["post-18","page","type-page","status-publish"],"yoast_head":"<!-- This site is optimized with the Yoast SEO plugin v27.6 - https:\/\/yoast.com\/product\/yoast-seo-wordpress\/ -->\n<title>Helfen - Rotaract Kreis Steinfurt<\/title>\n<meta name=\"robots\" content=\"index, follow, max-snippet:-1, max-image-preview:large, max-video-preview:-1\" \/>\n<link rel=\"canonical\" href=\"https:\/\/kreissteinfurt.rotaract.de\/?page_id=18\" \/>\n<meta property=\"og:locale\" content=\"de_DE\" \/>\n<meta property=\"og:type\" content=\"article\" \/>\n<meta property=\"og:title\" content=\"Helfen - Rotaract Kreis Steinfurt\" \/>\n<meta property=\"og:description\" content=\"Weihnachtsfunkenaktion 2024 Am 08.07.2024 konnten wir wieder 10 Kisten f\u00fcr die Weihnachtsfunkenaktion der Fl\u00fcchtlingshilfe Mittelamerika packen. KidsCamp 2024 &#8211; Olymp Vom 29.07.-04.08.2024 sind wir wieder in Haltern am See dabei. Aktion zur BuSo auf der DEUKO Zur Sammelaktion f\u00fcr Kinderb\u00fccher konnten wir ganze 31 B\u00fccher beisteuern Bundessozialaktion 23\/24 &#8211; Lust auf Lesen Die BuSo besch\u00e4ftigt ... Weiterlesen\" \/>\n<meta property=\"og:url\" content=\"https:\/\/kreissteinfurt.rotaract.de\/?page_id=18\" \/>\n<meta property=\"og:site_name\" content=\"Rotaract Kreis Steinfurt\" \/>\n<meta property=\"article:modified_time\" content=\"2024-07-09T07:31:20+00:00\" \/>\n<meta property=\"og:image\" content=\"https:\/\/kreissteinfurt.rotaract.de\/wp-content\/uploads\/sites\/395\/2024\/07\/IMG-20240708-WA0005-768x1024.jpg\" \/>\n<meta name=\"twitter:card\" content=\"summary_large_image\" \/>\n<meta name=\"twitter:label1\" content=\"Gesch\u00e4tzte Lesezeit\" \/>\n\t<meta name=\"twitter:data1\" content=\"1\u00a0Minute\" \/>\n<script type=\"application\/ld+json\" class=\"yoast-schema-graph\">{\"@context\":\"https:\\\/\\\/schema.org\",\"@graph\":[{\"@type\":\"WebPage\",\"@id\":\"https:\\\/\\\/kreissteinfurt.rotaract.de\\\/?page_id=18\",\"url\":\"https:\\\/\\\/kreissteinfurt.rotaract.de\\\/?page_id=18\",\"name\":\"Helfen - Rotaract Kreis Steinfurt\",\"isPartOf\":{\"@id\":\"https:\\\/\\\/kreissteinfurt.rotaract.de\\\/#website\"},\"primaryImageOfPage\":{\"@id\":\"https:\\\/\\\/kreissteinfurt.rotaract.de\\\/?page_id=18#primaryimage\"},\"image\":{\"@id\":\"https:\\\/\\\/kreissteinfurt.rotaract.de\\\/?page_id=18#primaryimage\"},\"thumbnailUrl\":\"https:\\\/\\\/kreissteinfurt.rotaract.de\\\/wp-content\\\/uploads\\\/sites\\\/395\\\/2024\\\/07\\\/IMG-20240708-WA0005-768x1024.jpg\",\"datePublished\":\"2023-05-19T10:59:35+00:00\",\"dateModified\":\"2024-07-09T07:31:20+00:00\",\"breadcrumb\":{\"@id\":\"https:\\\/\\\/kreissteinfurt.rotaract.de\\\/?page_id=18#breadcrumb\"},\"inLanguage\":\"de\",\"potentialAction\":[{\"@type\":\"ReadAction\",\"target\":[\"https:\\\/\\\/kreissteinfurt.rotaract.de\\\/?page_id=18\"]}]},{\"@type\":\"ImageObject\",\"inLanguage\":\"de\",\"@id\":\"https:\\\/\\\/kreissteinfurt.rotaract.de\\\/?page_id=18#primaryimage\",\"url\":\"https:\\\/\\\/kreissteinfurt.rotaract.de\\\/wp-content\\\/uploads\\\/sites\\\/395\\\/2024\\\/07\\\/IMG-20240708-WA0005-768x1024.jpg\",\"contentUrl\":\"https:\\\/\\\/kreissteinfurt.rotaract.de\\\/wp-content\\\/uploads\\\/sites\\\/395\\\/2024\\\/07\\\/IMG-20240708-WA0005-768x1024.jpg\"},{\"@type\":\"BreadcrumbList\",\"@id\":\"https:\\\/\\\/kreissteinfurt.rotaract.de\\\/?page_id=18#breadcrumb\",\"itemListElement\":[{\"@type\":\"ListItem\",\"position\":1,\"name\":\"Startseite\",\"item\":\"https:\\\/\\\/kreissteinfurt.rotaract.de\\\/\"},{\"@type\":\"ListItem\",\"position\":2,\"name\":\"Helfen\"}]},{\"@type\":\"WebSite\",\"@id\":\"https:\\\/\\\/kreissteinfurt.rotaract.de\\\/#website\",\"url\":\"https:\\\/\\\/kreissteinfurt.rotaract.de\\\/\",\"name\":\"Rotaract Kreis Steinfurt\",\"description\":\"Distrikt 1870\",\"potentialAction\":[{\"@type\":\"SearchAction\",\"target\":{\"@type\":\"EntryPoint\",\"urlTemplate\":\"https:\\\/\\\/kreissteinfurt.rotaract.de\\\/?s={search_term_string}\"},\"query-input\":{\"@type\":\"PropertyValueSpecification\",\"valueRequired\":true,\"valueName\":\"search_term_string\"}}],\"inLanguage\":\"de\"}]}<\/script>\n<!-- \/ Yoast SEO plugin. -->","yoast_head_json":{"title":"Helfen - Rotaract Kreis Steinfurt","robots":{"index":"index","follow":"follow","max-snippet":"max-snippet:-1","max-image-preview":"max-image-preview:large","max-video-preview":"max-video-preview:-1"},"canonical":"https:\/\/kreissteinfurt.rotaract.de\/?page_id=18","og_locale":"de_DE","og_type":"article","og_title":"Helfen - Rotaract Kreis Steinfurt","og_description":"Weihnachtsfunkenaktion 2024 Am 08.07.2024 konnten wir wieder 10 Kisten f\u00fcr die Weihnachtsfunkenaktion der Fl\u00fcchtlingshilfe Mittelamerika packen. KidsCamp 2024 &#8211; Olymp Vom 29.07.-04.08.2024 sind wir wieder in Haltern am See dabei. Aktion zur BuSo auf der DEUKO Zur Sammelaktion f\u00fcr Kinderb\u00fccher konnten wir ganze 31 B\u00fccher beisteuern Bundessozialaktion 23\/24 &#8211; Lust auf Lesen Die BuSo besch\u00e4ftigt ... Weiterlesen","og_url":"https:\/\/kreissteinfurt.rotaract.de\/?page_id=18","og_site_name":"Rotaract Kreis Steinfurt","article_modified_time":"2024-07-09T07:31:20+00:00","og_image":[{"url":"https:\/\/kreissteinfurt.rotaract.de\/wp-content\/uploads\/sites\/395\/2024\/07\/IMG-20240708-WA0005-768x1024.jpg","type":"","width":"","height":""}],"twitter_card":"summary_large_image","twitter_misc":{"Gesch\u00e4tzte Lesezeit":"1\u00a0Minute"},"schema":{"@context":"https:\/\/schema.org","@graph":[{"@type":"WebPage","@id":"https:\/\/kreissteinfurt.rotaract.de\/?page_id=18","url":"https:\/\/kreissteinfurt.rotaract.de\/?page_id=18","name":"Helfen - Rotaract Kreis Steinfurt","isPartOf":{"@id":"https:\/\/kreissteinfurt.rotaract.de\/#website"},"primaryImageOfPage":{"@id":"https:\/\/kreissteinfurt.rotaract.de\/?page_id=18#primaryimage"},"image":{"@id":"https:\/\/kreissteinfurt.rotaract.de\/?page_id=18#primaryimage"},"thumbnailUrl":"https:\/\/kreissteinfurt.rotaract.de\/wp-content\/uploads\/sites\/395\/2024\/07\/IMG-20240708-WA0005-768x1024.jpg","datePublished":"2023-05-19T10:59:35+00:00","dateModified":"2024-07-09T07:31:20+00:00","breadcrumb":{"@id":"https:\/\/kreissteinfurt.rotaract.de\/?page_id=18#breadcrumb"},"inLanguage":"de","potentialAction":[{"@type":"ReadAction","target":["https:\/\/kreissteinfurt.rotaract.de\/?page_id=18"]}]},{"@type":"ImageObject","inLanguage":"de","@id":"https:\/\/kreissteinfurt.rotaract.de\/?page_id=18#primaryimage","url":"https:\/\/kreissteinfurt.rotaract.de\/wp-content\/uploads\/sites\/395\/2024\/07\/IMG-20240708-WA0005-768x1024.jpg","contentUrl":"https:\/\/kreissteinfurt.rotaract.de\/wp-content\/uploads\/sites\/395\/2024\/07\/IMG-20240708-WA0005-768x1024.jpg"},{"@type":"BreadcrumbList","@id":"https:\/\/kreissteinfurt.rotaract.de\/?page_id=18#breadcrumb","itemListElement":[{"@type":"ListItem","position":1,"name":"Startseite","item":"https:\/\/kreissteinfurt.rotaract.de\/"},{"@type":"ListItem","position":2,"name":"Helfen"}]},{"@type":"WebSite","@id":"https:\/\/kreissteinfurt.rotaract.de\/#website","url":"https:\/\/kreissteinfurt.rotaract.de\/","name":"Rotaract Kreis Steinfurt","description":"Distrikt 1870","potentialAction":[{"@type":"SearchAction","target":{"@type":"EntryPoint","urlTemplate":"https:\/\/kreissteinfurt.rotaract.de\/?s={search_term_string}"},"query-input":{"@type":"PropertyValueSpecification","valueRequired":true,"valueName":"search_term_string"}}],"inLanguage":"de"}]}},"_links":{"self":[{"href":"https:\/\/kreissteinfurt.rotaract.de\/index.php?rest_route=\/wp\/v2\/pages\/18","targetHints":{"allow":["GET"]}}],"collection":[{"href":"https:\/\/kreissteinfurt.rotaract.de\/index.php?rest_route=\/wp\/v2\/pages"}],"about":[{"href":"https:\/\/kreissteinfurt.rotaract.de\/index.php?rest_route=\/wp\/v2\/types\/page"}],"author":[{"embeddable":true,"href":"https:\/\/kreissteinfurt.rotaract.de\/index.php?rest_route=\/wp\/v2\/users\/392"}],"replies":[{"embeddable":true,"href":"https:\/\/kreissteinfurt.rotaract.de\/index.php?rest_route=%2Fwp%2Fv2%2Fcomments&post=18"}],"version-history":[{"count":9,"href":"https:\/\/kreissteinfurt.rotaract.de\/index.php?rest_route=\/wp\/v2\/pages\/18\/revisions"}],"predecessor-version":[{"id":287,"href":"https:\/\/kreissteinfurt.rotaract.de\/index.php?rest_route=\/wp\/v2\/pages\/18\/revisions\/287"}],"wp:attachment":[{"href":"https:\/\/kreissteinfurt.rotaract.de\/index.php?rest_route=%2Fwp%2Fv2%2Fmedia&parent=18"}],"curies":[{"name":"wp","href":"https:\/\/api.w.org\/{rel}","templated":true}]}}